late the highest common divisor of 82 and 134.
2
Calculate the highest common divisor of 97 and 8245.
97
Calculate the greatest common factor of 91 and 13.
13
What is the highest common divisor of 685 and 5?
5
Calculate the greatest common divisor of 494 and 182.
26
What is the highest common factor of 50 and 7275?
25
Calculate the highest common factor of 1183 and 26.
13
What is the highest common divisor of 81 and 1161?
27
What is the highest common divisor of 741 and 273?
39
What is the greatest common factor of 121 and 2783?
121
Calculate the highest common factor of 748 and 68.
68
Calculate the greatest common factor of 1884 and 36.
12
Calculate the greatest common factor of 2223 and 1014.
39
Calculate the greatest common divisor of 5044 and 416.
52
Calculate the highest common divisor of 826 and 1666.
14
What is the highest common divisor of 69 and 345?
69
Calculate the highest common factor of 4 and 428.
4
Calculate the highest common divisor of 12 and 16.
4
What is the greatest common divisor of 966 and 42?
42
What is the highest common factor of 3179 and 88?
11
What is the greatest common factor of 34 and 9299?
17
Calculate the highest common divisor of 10 and 7570.
10
What is the highest common divisor of 2 and 22?
2
Calculate the greatest common divisor of 1210 and 130.
10
Calculate the highest common factor of 1827 and 63.
63
Calculate the highest common factor of 1247 and 29.
29
What is the highest common factor of 91 and 91?
91
What is the highest common factor of 260 and 52?
52
What is the greatest common divisor of 5 and 1?
1
Calculate the greatest common factor of 1 and 13.
1
Calculate the greatest common divisor of 71 and 3763.
71
Calculate the highest common divisor of 2046 and 279.
93
What is the highest common divisor of 155 and 155?
155
Calculate the highest common factor of 3840 and 80.
80
Calculate the greatest common divisor of 34 and 22202.
34
Calculate the greatest common factor of 102 and 51.
51
What is the greatest common divisor of 165 and 735?
15
What is the greatest common divisor of 14 and 686?
14
What is the highest common factor of 817 and 129?
43
Calculate the greatest common divisor of 12 and 5682.
6
Calculate the highest common factor of 3564 and 66.
66
What is the greatest common factor of 7403 and 11?
11
What is the greatest common divisor of 10 and 1790?
10
Calculate the greatest common divisor of 9828 and 224.
28
What is the highest common divisor of 54 and 12?
6
What is the highest common factor of 12 and 4350?
6
Calculate the highest common factor of 114 and 1653.
57
What is the greatest common divisor of 176 and 32?
16
What is the highest common factor of 324 and 228?
12
Calculate the highest common divisor of 84 and 36.
12
What is the highest common factor of 22 and 11?
11
What is the greatest common divisor of 504 and 210?
42
Calculate the highest common divisor of 372 and 279.
93
Calculate the highest common factor of 88 and 79816.
88
What is the highest common divisor of 12 and 894?
6
Calculate the greatest common divisor of 12 and 156.
12
Calculate the highest common divisor of 1316 and 28.
28
Calculate the greatest common factor of 6726 and 66.
6
Calculate the highest common divisor of 287 and 5371.
41
What is the greatest common divisor of 45072 and 16?
16
What is the highest common factor of 369 and 328?
41
What is the highest common divisor of 19 and 893?
19
Calculate the greatest common factor of 24 and 1.
1
What is the greatest common factor of 3 and 363?
3
Calculate the greatest common factor of 11832 and 51.
51
Calculate the highest common divisor of 4 and 74.
2
Calculate the highest common factor of 2001 and 29.
29
What is the highest common factor of 255 and 4539?
51
Calculate the highest common divisor of 49 and 1.
1
What is the greatest common divisor of 1581 and 561?
51
What is the highest common divisor of 9073 and 86?
43
Calculate the greatest common divisor of 10908 and 18.
18
Calculate the highest common factor of 1003 and 472.
59
What is the greatest common factor of 303 and 21513?
303
What is the highest common divisor of 2432 and 76?
76
What is the greatest common factor of 156 and 7488?
156
What is the greatest common factor of 13 and 507?
13
Calculate the greatest common divisor of 9488 and 8.
8
Calculate the highest common factor of 186 and 18.
6
What is the greatest common factor of 500 and 1100?
100
What is the highest common factor of 4292 and 87?
29
Calculate the greatest common divisor of 418 and 88198.
418
What is the greatest common factor of 43 and 11?
1
What is the greatest common factor of 356 and 28?
4
Calculate the greatest common factor of 68 and 340.
68
What is the greatest common factor of 323 and 459?
17
What is the greatest common factor of 1841 and 42?
7
Calculate the highest common divisor of 1105 and 10.
5
Calculate the highest common divisor of 279 and 18.
9
What is the greatest common factor of 225 and 180?
45
Calculate the greatest common factor of 112 and 1792.
112
Calculate the highest common factor of 496 and 1536.
16
Calculate the greatest common factor of 540 and 3375.
135
Calculate the highest common divisor of 38 and 247.
19
Calculate the greatest common factor of 74 and 74.
74
Calculate the highest common divisor of 12801 and 251.
251
What is the highest common divisor of 1038 and 48?
6
Calculate the greatest common factor of 50 and 12725.
25
What is the highest common factor of 6674 and 1136?
142
What is the highest common divisor of 726 and 88?
22
What is the highest common divisor of 222 and 2?
2
Calculate the greatest common factor of 550 and 75.
25
What is the highest common divisor of 30 and 40?
10
Calculate the greatest common factor of 55 and 517.
11
Calculate the greatest common factor of 60 and 624.
12
Calculate the greatest common factor of 4 and 276.
4
What is the greatest common factor of 261 and 36?
9
What is the greatest common factor of 319 and 11?
11
What is the greatest common divisor of 292 and 4?
4
Calculate the greatest common factor of 11 and 418.
11
What is the highest common divisor of 207 and 99?
9
What is the highest common divisor of 78 and 18?
6
What is the highest common divisor of 79 and 79?
79
Calculate the greatest common divisor of 384 and 240.
48
What is the highest common divisor of 702 and 288?
18
What is the highest common factor of 208 and 1508?
52
Calculate the greatest common divisor of 144 and 1548.
36
What is the greatest common divisor of 84 and 3171?
21
Calculate the highest common divisor of 1296 and 16.
16
Calculate the highest common factor of 168 and 68.
4
Calculate the highest common divisor of 48 and 128.
16
What is the highest common divisor of 6 and 12?
6
Calculate the greatest common factor of 209 and 11.
11
What is the highest common divisor of 267 and 1424?
89
Calculate the greatest common divisor of 171 and 36.
9
What is the highest common factor of 164 and 410?
82
What is the highest common divisor of 436 and 109?
109
Calculate the greatest common factor of 483 and 14.
7
What is the highest common factor of 96 and 624?
48
What is the greatest common divisor of 83 and 581?
83
Calculate the greatest common factor of 21 and 24.
3
Calculate the greatest common divisor of 62 and 155.
31
Calculate the greatest common factor of 396 and 132.
132
Calculate the highest common divisor of 82 and 533.
41
What is the highest common factor of 774 and 86?
86
What is the highest common factor of 28 and 182?
14
Calculate the highest common factor of 17 and 1003.
17
What is the greatest common divisor of 1755 and 715?
65
What is the highest common factor of 140 and 28868?
28
What is the highest common factor of 44 and 26906?
22
What is the highest common factor of 7188 and 48?
12
What is the highest common factor of 368 and 32?
16
What is the highest common divisor of 1032 and 24?
24
Calculate the highest common divisor of 18 and 66.
6
What is the greatest common divisor of 532 and 56?
28
Calculate the greatest common factor of 1333 and 31.
31
What is the highest common factor of 658 and 846?
94
Calculate the highest common factor of 4535 and 65.
5
Calculate the highest common factor of 7 and 448.
7
What is the highest common divisor of 48 and 36?
12
Calculate the greatest common factor of 234 and 9